 = -14*a - 622. What is n(-44)?
-6
Let z(a) = -a**3 + 2*a**2 + 5*a - 5. Give z(4).
-17
Let u(s) = s**3 + 25*s**2 + 27*s + 59. Determine u(-24).
-13
Let q(m) = 10*m - 4. Calculate q(6).
56
Let z(g) = -g**2 + 6*g + 1. Give z(-4).
-39
Let a(u) = -u**2 - 16*u - 72. Give a(-10).
-12
Let z(q) = -2*q**3 + 26*q**2 - 3*q + 37. Give z(13).
-2
Let v(s) = s + 20. Calculate v(0).
20
Let u(f) = -f**3 - 26*f**2 + 28*f + 8. What is u(-27)?
-19
Let k(n) = n**3 - 6*n**2 + 2*n + 10. What is k(2)?
-2
Let n(t) = -35*t**3 - t**2 - t + 1. What is n(1)?
-36
Let r(y) = y - 17. Calculate r(11).
-6
Let q(r) = -r**3 + 3*r**2 + 5*r - 4. Give q(5).
-29
Let l(r) = -4*r - 20. What is l(-4)?
-4
Let h(v) = v**3 + 7*v**2 + 5*v + 5. Determine h(-5).
30
Let l(p) = p**2 + 12*p - 16. Give l(-11).
-27
Let p(r) = -13*r**2 + 7*r - 3. Give p(1).
-9
Let n(m) = -m**2 + 5*m + 42. Calculate n(10).
-8
Let p(q) = 23*q - 156. Calculate p(6).
-18
Let h(z) = -z**3 - z**2 - 6*z + 2. Give h(2).
-22
Let y(w) = -w**3 - 14*w**2 - 15*w - 16. Determine y(-13).
10
Let l(f) = f**3 + 32*f**2 + 4*f + 115. Determine l(-32).
-13
Let y(b) = -6*b - 47. What is y(0)?
-47
Let r(x) = -x**3 - 5*x**2 - 5. What is r(-5)?
-5
Let h(w) = -11*w + 7. Calculate h(2).
-15
Let o(a) = 84*a - 93. Give o(1).
-9
Let t(n) = n + 29. Calculate t(-19).
10
Let z(f) = -2*f**2 - 12*f - 13. Determine z(-2).
3
Let m(f) = -2*f**2 - 26*f - 56. What is m(-3)?
4
Let y(x) = -x - 5. Give y(-13).
8
Let h(c) = -c**2 - 9*c - 5. Determine h(-4).
15
Let k(p) = p + 27. Determine k(6).
33
Let z(s) = s**3 - 5*s**2 - 21*s + 97. What is z(6)?
7
Let l(s) = 2*s - 16. Calculate l(8).
0
Let g(f) = 2*f - 5. What is g(-4)?
-13
Let m(v) = -v - 6. Determine m(8).
-14
Let d(g) = -5*g**3 - 3*g**2 - g + 3. Determine d(-2).
33
Let s(l) = -40*l**3 - l**2 - 2*l + 3. Give s(1).
-40
Let k(r) = -r**2 + 2*r + 6. Determine k(6).
-18
Let z(l) = -3*l**2 - l - 12. Give z(-4).
-56
Let z(p) = p**3 + 3*p**2 - 9*p - 9. What is z(-5)?
-14
Let o(m) = m + 9. Give o(-7).
2
Let k(w) = -w + 19. What is k(9)?
10
Let f(k) = -k**2 - 9*k + 97. Give f(6).
7
Let o(m) = -18*m - 158. Determine o(-9).
4
Let w(q) = q**2 - 12*q + 18. Determine w(11).
7
Let j(l) = l**3 - 2*l + 2. Give j(2).
6
Let u(x) = -x**2 + 21*x + 4. Calculate u(22).
-18
Let t(f) = -4*f**2 - 12*f + 19. Calculate t(-8).
-141
Let f(h) = h**3 + 14*h**2 + 41*h + 15. What is f(-10)?
5
Let p(n) = -5*n**2 - 3*n + 16. Determine p(-3).
-20
Let x(f) = f**2 + f + 7. What is x(-6)?
37
Let w(s) = -s + 31. Give w(4).
27
Let k(c) = c - 6. Calculate k(-8).
-14
Let i(k) = -19*k**2 - 30*k - 4. Determine i(-3).
-85
Let n(h) = -h**3 - 6*h**2 - 8*h - 11. Calculate n(-5).
4
Let w(q) = q**3 + 3*q**2 + 3*q. Determine w(-2).
-2
Let c(b) = 26*b - 9. Calculate c(6).
147
Let n(q) = 12*q + 21. Determine n(-23).
-255
Let t(i) = i**2 - 5*i - 2. Calculate t(-3).
22
Let p(d) = -d + 28. Give p(43).
-15
Let g(l) = -l**2 + 7*l + 27. Give g(8).
19
Let s(u) = 4*u - 18. Give s(7).
10
Let g(s) = -2*s**3 - 3*s**2 + 8*s - 1. Determine g(-4).
47
Let v(d) = -d**3 + 12*d**2 + 19*d - 78. Determine v(13).
0
Let v(y) = -y - 21. What is v(-25)?
4
Let u(j) = -3*j + 10. Determine u(-6).
28
Let j(i) = -4*i + 116. Give j(29).
0
Let j(c) = c**2 + 29*c - 171. Give j(-35).
39
Let w(r) = -r**3 - 8*r**2 - 2*r + 8. What is w(-8)?
24
Let q(y) = y**2 + 14*y - 29. Determine q(-16).
3
Let q(s) = -8*s**3 - s**2 + 2*s. Calculate q(1).
-7
Let o(w) = -w**2 + 11*w + 2. Calculate o(12).
-10
Let n(j) = 4*j**2 + 144*j. What is n(-36)?
0
Let w(x) = -x**3 - 14*x**2 + 15*x + 5. Give w(-15).
5
Let q(p) = -p**3 - p**2 + 3*p + 1. Determine q(3).
-26
Let d(i) = 2*i + 18. Determine d(-7).
4
Let x(l) = -l**3 - 7*l**2 + 15*l + 13. Calculate x(-9).
40
Let f(u) = -u**3 - 8*u**2 - 16*u - 6. Determine f(-6).
18
Let p(r) = -r**2 - 5*r + 3. Calculate p(-6).
-3
Let t(w) = -w**2 - 9*w - 4. What is t(-11)?
-26
Let r(k) = 7*k - 23. What is r(5)?
12
Let m(c) = -2*c**3 - 27*c**2 + 16*c + 25. What is m(-14)?
-3
Let t(b) = 2*b**3 + 14*b**2 + 3*b + 9. Determine t(-7).
-12
Let k(i) = i**2 - i + 19. What is k(9)?
91
Let t(j) = -2*j**2 + 18. Determine t(-8).
-110
Let t(n) = 2*n - 9. What is t(5)?
1
Let w(d) = -d**2 + 7*d - 16. Determine w(2).
-6
Let q(a) = a**3 - a**2 + 3*a + 2. Calculate q(0).
2
Let x(i) = -i - 16. Determine x(-12).
-4
Let m(i) = 3*i**2 - 23*i + 33. Give m(6).
3
Let x(w) = -w**3 - 9*w**2 - 9*w - 4. Give x(-5).
-59
Let y(x) = 5*x - 64. What is y(14)?
6
Let c(q) = q**2 + 3*q - 49. Determine c(6).
5
Let f(b) = -12*b**2 - 5*b + 5. Determine f(1).
-12
Let x(q) = q**3 + 11*q**2 + 8*q - 14. Give x(-10).
6
Let d(m) = m**2 + 11*m + 11. Determine d(-10).
1
Let p(h) = -h**2 + 16*h + 2. Give p(16).
2
Let k(q) = 16*q**3 + q. Give k(-1).
-17
Let r(g) = -g**3 + 9*g**2 + 10*g + 5. Determine r(10).
5
Let t(s) = -s**3 + 9*s + 2. Calculate t(3).
2
Let c(i) = 46*i + 2. Give c(-2).
-90
Let u(p) = 88*p - 877. Calculate u(10).
3
Let q(w) = w**3 + 7*w**2 + 3*w + 3. Calculate q(-7).
-18
Let y(p) = -9*p + 16. Calculate y(5).
-29
Let k(g) = -g**3 + 8*g**2 + 7*g + 10. Calculate k(9).
-8
Let w(v) = v**3 - v**2 + 8. Determine w(4).
56
Let z(d) = -d**3 + 8*d**2 + 9*d - 5. What is z(9)?
-5
Let z(y) = y**3 + 5*y**2 - 14*y - 1. Determine z(-7).
-1
Let s(n) = -4*n**2 + 4*n - 4. What is s(1)?
-4
Let r(h) = -h**3 - 2*h**2 - 19. Give r(0).
-19
Let d(l) = -6*l + 125. What is d(20)?
5
Let i(f) = 6*f**2 - 88*f - 44. Give i(15).
-14
Let v(d) = d**2 + 8*d - 17. Calculate v(-10).
3
Let w(x) = x**3 + 3*x**2 + 4*x + 16. Determine w(-3).
4
Let n(u) = -u**2 + 6*u. What is n(3)?
9
Let h(s) = s**3 - 6*s**2 - 8*s - 6. Calculate h(7).
-13
Let q(h) = -16*h + 360. Calculate q(23).
-8
Let b(j) = -3*j + 40. What is b(15)?
-5
Let t(h) = -h**3 - 5*h**2 + 6*h - 2. What is t(-6)?
-2
Let l(s) = -s**2 + 21*s - 83. Determine l(5).
-3
Let p(s) = s**3 - 2*s**2 + s - 63. What is p(0)?
-63
Let x(l) = l**3 - 6*l**2 + 8*l - 9. Calculate x(5).
6
Let l(y) = y**2 - 42*y + 149. Determine l(38).
-3
Let z(m) = -m**3 + 4*m**2 - 5. What is z(3)?
4
Let k(h) = 4*h - 5. Determine k(7).
23
Let n(r) = 15*r + 10. Calculate n(-5).
-65
Let h(t) = -t**3 - 14*t**2 + 3*t + 8. Calculate h(-15).
188
Let c(i) = -i**2 - 15*i - 6. What is c(-13)?
20
Let c(g) = -2*g**2 - 12*g - 7. What is c(-5)?
3
Let t(m) = -21*m + 389. Determine t(18).
11
Let h(f) = 16*f - 71. Give h(4).
-7
Let r(z) = -z**2 - 25*z - 90. Calculate r(-21).
-6
Let w(t) = t**2 + 23*t - 57. Calculate w(-25).
-7
Let n(r) = 7*r - 50. Calculate n(-18).
-176
Let y(p) = -11*p - 17. What is y(7)?
-94
Let n(m) = m**2 + 29*m + 12. Give n(-28).
-16
Let g(q) = -47*q**2 + 92*q + 2. Give g(2).
-2
Let o(p) = -p**3 + 18*p**2 + 40*p + 15. What is o(20)?
15
Let x(a) = -a**2 + 15. Calculate x(7).
-34
Let v(z) = -z - 22. What is v(-16)?
-6
Let g(c) = 2*c - 3. What is g(-2)?
-7
Let a(s) = s**3 + 28*s**2 + 28*s + 30. Determine a(-27).
3
Let c(w) = -w**3 - 7*w**2 + 5*w + 2. Determine c(-8).
26
Let j(y) = -12*y**2 + 4*y - 2. Give j(3).
-98
Let u(w) = -w**3 - 3*w**2 + w + 4. What is u(3)?
-47
Let q(t) = t**3 - 19*t**2 - 2*t + 45. Determine q(19).
7
Let z(f) = f**3 + 29*f**2 + 24*f - 17. Calculate z(-28).
95
Let m(s) = s - 16. What is m(11)?
-5
Let t(i) = -40*i + 69. Determine t(2).
-11
Let o(i) = -i**3 + 9*i**2 - 6*i - 17. Determine o(8).
-1
Let i(b) = -b - 3. Determine i(-31).
28
Let r(s) = -s - 2. Give r(-7).
5
Let t(n) = -n**3 + 8*n**2 + 18*n + 18. Calculate t(10).
-2
Let c(y) = 5*y**2 + 53*y + 27. What is c(-10)?
-3
Let q(c) = 4*c**3 + c**2 - 3*c - 3. Determine q(-2).
-25
Let f(a) = -6*a - 3. Calculate f(-3).
15
Let r(n) = n**2 + 6*n + 8. Calculate r(6).
80
Let g(n) = -2*n - 60. Determine g(-21).
-18
Let f(m) = m**3 + 3*m**2 - 2*m - 9. Give f(-4).
-17
Let d(f) = -4*f + 10. What is d(4)?
-6
Let f(k) = -k**3 - 13*k**2 - 21*k + 5. Calculate f(-11).
-6
Let u(r) = -6*r**3 - 2*r + 1. Determine u(1).
-7
Let z(a) = -a**2 - 8*a - 7. Give z(-5).
8
Let h(a) = 25*a - 105. Determine h(5).
20
Let h(n) = -n**3 - 8*n**2 - 14*n - 9. Determine h(-6).
3
Let y(o) = -o**3 - 25*o**2 + 24*o - 38. What is y(-26)?
14
Let i(t) = 5*t**3 - 2*t**2 + 4*t - 12. Calculate i(2).
28
Let r(t) = -t**3 - 3*t**2 + 4*t + 5. Calculate r(-4).
5
Let o(i) = 2*i**2 - 6*i + 1. What is o(4)?
9
Let r(f) = f**3 + 5*f**2 + 2*f + 4. Calculate r(-4).
12
Let a(m) = -m**3 - 8*m**2 + m + 6. What is